mainder when x is divided by 17?
16
Let u(d) = 4*d**2 + 71*d + 32. What is the remainder when u(-24) is divided by 127?
124
Suppose -3*s + 5*s = 8, 2*j - 2*s + 4 = 0. Suppose -j*o + 37 - 11 = 4*h, -2*o + 22 = 2*h. What is the remainder when 52 is divided by o?
7
Let q be (1 - -1)*(-3)/2. Let p be (-4)/((q - -3) + -2). Let m = p + 1. What is the remainder when m is divided by 2?
1
Let z(s) = 54*s - 104. What is the remainder when 12 is divided by z(2)?
0
Let q = -35 + -4. Calculate the remainder when (-6)/(-27) + (-1344)/(-27) is divided by 68/(-6)*q/26.
16
Suppose -3*l + 682 = 3*h + 2*h, 2*l - 448 = -2*h. What is the remainder when l is divided by 13?
11
Let n = 4 - 0. Suppose 2*b = -4*q + 292, 0*b = -n*b. Calculate the remainder when q is divided by 19.
16
Let g = -40 + 32. Let h(k) = -3*k + 3. What is the remainder when 134 is divided by h(g)?
26
Suppose 5*z = 13*z. Suppose z*f + 61 = f + 2*l, 4*l = -4*f + 224. What is the remainder when 18 is divided by ((-340)/f)/(4/(-6))?
8
Let u be (-1)/2 - (93/(-6) - -4). Let y = -5 + -1. Let x = u + y. Calculate the remainder when 14 is divided by x.
4
Suppose 94 + 50 = 8*k. Let r(c) = -2 - 1 + 14*c - 2*c. What is the remainder when r(3) is divided by k?
15
Suppose -45 = -4*m + 11. Suppose 2*c = -10 + 22. What is the remainder when m is divided by c?
2
Let v = -258 + 306. What is the remainder when 188 is divided by v?
44
Let c(n) = 2*n - 5. Let o be c(5). Let d = 31 - 28. Suppose -24 = -x - d*t, o*t = -x + t + 29. Calculate the remainder when 17 is divided by x.
8
Suppose -5*v + 17*v - 996 = 0. Calculate the remainder when v is divided by 14.
13
Let c = -517 - -601. What is the remainder when 2097 is divided by c?
81
Let n(u) = 7*u + 3. Let r be n(-1). Calculate the remainder when 141 is divided by -3 + 1 - (-19 - r).
11
Let g = -43 - -91. Suppose 3*p - 123 = -3*k - g, -p + 4*k + 5 = 0. Calculate the remainder when p is divided by 6 + -1 - (-4 + 1).
5
Calculate the remainder when 821/3 - (-475)/(-285) is divided by 95.
82
Let j = 91 - 88. Suppose 3*r - 109 = -4*h - 30, 5*h = j*r + 119. What is the remainder when h is divided by 12?
10
Let i(x) = -3*x + 57. What is the remainder when i(-23) is divided by 26?
22
Let t(b) = -6*b**3 - b**2 + b + 1. Let m = 8 - 9. Let x be t(m). Suppose -2*j + x*j = 27. Calculate the remainder when 17 is divided by j.
8
Let d(b) = -2 + b**2 + b + 3*b**2 - 3*b**2 + 0*b**2. Suppose 0*j = 3*j + 4*y, 2*j = y - 11. Calculate the remainder when 29 is divided by d(j).
9
Let y = -8 - -12. Suppose 3*u + 28 = 7*u. Calculate the remainder when u is divided by y.
3
Let i(a) = -a + 11. Let q = 110 + 58. What is the remainder when q is divided by i(-8)?
16
Let d(w) be the third derivative of 0 + 1/6*w**3 - 7/8*w**4 - 5*w**2 + 0*w. What is the remainder when d(-2) is divided by 23?
20
Suppose 2112 - 35 = 31*k. What is the remainder when 85 is divided by k?
18
Let z = 110 - 107. Suppose -5*s - 23 = -4*p + 12, z*p - 34 = -4*s. What is the remainder when 20 is divided by p?
0
Suppose 6*b - 15 = b + 5*y, -7 = -2*b + y. Suppose b*d - v = 411, -d = -5*v + 50 - 167. Let g = 185 + -150. What is the remainder when d is divided by g?
32
Let v(j) = 16*j - 3. Let r = -7 + 9. Let t be v(r). Let d = -16 + t. What is the remainder when 36 is divided by d?
10
Suppose 19*s + 297 = 21*s - 3*v, s = 5*v + 166. Calculate the remainder when s is divided by 78.
63
Let o(a) = a**2 + 7*a + 3. Let m = -43 - -30. What is the remainder when o(m) is divided by (-28)/(-6)*(7 + -1)?
25
Suppose 4*d + 4*m - 76 = 0, 102 = 3*d - 4*m + 10. Calculate the remainder when d is divided by (-5)/((-10)/12) - -1.
3
Let j(v) = -v**2 + 7*v + 2. Let q be j(6). What is the remainder when (-3)/(-2) + 1377/34 is divided by -4*(-2 - 14/q)?
12
Suppose -h + 83 = 4*h - 3*y, -2*y = 3*h - 46. What is the remainder when 24 is divided by (h/4)/8 - (-25)/2?
11
Calculate the remainder when 28 is divided by 23 - ((-7)/(-28) + (-26)/8).
2
Let x(n) = -n**3 - 11*n**2 - 20*n + 3. Let w be x(-9). Suppose 0 = -3*v + w + 12. What is the remainder when 87 is divided by v?
10
Suppose -34 + 50 = 4*a. Suppose -3*w - n + 40 = a*n, -3*w = 4*n - 35. What is the remainder when 16 is divided by w?
1
Let k(o) = 206*o**2 + 7*o - 13. Let m = 59 - 30. Calculate the remainder when k(1) is divided by m.
26
Let v(b) = 4*b + 126. Calculate the remainder when 150 is divided by v(-22).
36
Suppose 2*v - 3*g - 12 - 8 = 0, -3*v = -3*g - 33. Let q = v - 5. What is the remainder when q is divided by 3?
2
Suppose -5*q + 3 = -82. Suppose 0 = -2*h + 5*x + 37, -4*h = -0*h + x - 19. What is the remainder when q is divided by h?
5
Let p(j) = 2*j**3 - 26*j**2 + 46*j - 4. What is the remainder when 73 is divided by p(11)?
1
Suppose -4*x + 14 = 2*z - 64, 2*z + 36 = 2*x. What is the remainder when 109 is divided by x?
14
Let i(j) = -13*j - 6. Let l be i(-5). Let s = l + -32. Calculate the remainder when s is divided by 6.
3
Suppose -4*v - 5*b + 27 = 0, 0 = -2*b + 15 - 25. What is the remainder when 25 is divided by v?
12
Let i(a) = -a**2 - 6*a + 5. Let o be i(-6). Suppose -o*n + 30 = -35. Let g = -1 + n. What is the remainder when 58 is divided by g?
10
Suppose -2*u - 12 = g - 33, 0 = -2*g - 6. What is the remainder when 286 is divided by u?
10
Let y = 160 + -143. Calculate the remainder when 47 is divided by y.
13
Suppose 10*z = 18*z - 176. What is the remainder when 36 is divided by z?
14
Suppose 0 = 362*j - 374*j + 5196. Calculate the remainder when j is divided by 107.
5
Let d(o) = -o + 2*o - 26 + 25. Let r be d(-1). Calculate the remainder when 98/(-7)*(-6 + r) is divided by 19.
17
Let c be (0/(-10))/(-1*2). Let l(d) = -4*d + c*d + 0*d - 5. What is the remainder when l(-10) is divided by 18?
17
Suppose -7*r + 9*r - c - 49 = 0, -5*c = -4*r + 119. Calculate the remainder when 38*1*(-6)/(-4) is divided by r.
15
Suppose -4*x + 71 - 11 = 0. Suppose o - b + 4*b = -12, -3*b = x. What is the remainder when o is divided by ((-2)/2)/(1 + -2)?
0
Let r(x) = -3*x**2 + 101*x + 198. Let v(y) = 3*y**2 + 3. Calculate the remainder when r(35) is divided by v(-3).
28
Let q(s) = s**3 - 75*s**2 + 73*s + 98. Suppose 4*w = 2*w + 26. Calculate the remainder when q(74) is divided by w.
11
Let x = 54 + -19. Suppose -3*q + 21 = -2*f, 4*q - 4*f = 8 + 16. What is the remainder when x is divided by -1 + (q + 1 - (-12 - -8))?
9
Let h(y) = -40*y - 6. Calculate the remainder when h(-5) is divided by 55.
29
Suppose -120 = -k - 0*k. Suppose -4*a + 3*c + 93 = -46, -4*c = -3*a + 113. What is the remainder when k is divided by a?
27
Suppose 29*k - 5*k = 216. Calculate the remainder when 77 is divided by k.
5
What is the remainder when 268 is divided by (-171)/(-6) - 10/(-4) - 1?
28
Let u(t) be the first derivative of t**3/3 + t**2 + t - 21. What is the remainder when 4 is divided by u(-2)?
0
What is the remainder when (-3 + (-7)/(-1))/(1/26) is divided by 15?
14
Let f(a) = 54*a - 1. What is the remainder when f(1) is divided by 6?
5
Suppose 4*w = 10*w. Suppose w = 8*g - 71 - 273. Calculate the remainder when 84 is divided by g.
41
Let k(g) = 10*g**3 + g. Let v(w) = w**3 + 10*w**2 + 8*w + 3. Let t be v(-9). Let u = t + -6. Calculate the remainder when k(1) is divided by u.
5
Let f be (-22)/(-33)*(-21)/2. Let i(a) = a**2 + 6*a + 10. Let k be i(f). Suppose -3*n - 5*z + k = 0, 3*z = 6 - 3. What is the remainder when 15 is divided by n?
3
Suppose 0 = -2*j - 3 - 5, -4*j = -v + 16. Suppose 67 = 4*a - 2*a - 3*n, v = 4*a - 2*n - 114. Calculate the remainder when (-30)/(-8)*(-2 - -22) is divided by a.
23
Suppose 5*z - n + 3*n = 25, 4*n = 2*z + 14. Calculate the remainder when 72 is divided by (0 - -10)/(2/z).
12
Let f(z) = 28*z - 7. Let c be f(4). Let g = -94 + c. Calculate the remainder when 36 is divided by g.
3
Suppose -3*i + 7*i - 236 = 4*f, 5*i = f + 311. Calculate the remainder when i is divided by 27.
9
Suppose -7 = p - q, 2*p - 2*q + 20 = 3*q. Let z be 1/(p*2/(-50)). Suppose 8*g = z*g + 66. Calculate the remainder when g is divided by 6.
4
Let l(f) = f**2 + 13*f + 9. Calculate the remainder when l(-16) is divided by (0/(-1) + 6)*20/6.
17
Let z = -491 + 535. Calculate the remainder when 306 is divided by z.
42
Let b(j) = 40*j**3 + 10*j - 11. Calculate the remainder when b(1) is divided by 6.
3
Let h = -105 + 128. Calc